0000110110111001100110 (base 2) to base 13.
-bb95c6
-100001100010100110111100 (base 2) to base 9
-17481043
What is 45687 (base 12) in base 13?
33184
What is 4243717 (base 8) in base 16?
1147cf
Convert 213210121 (base 4) to base 15.
3304d
Convert -33038c (base 15) to base 16.
-251757
What is -656b9 (base 13) in base 10?
-183517
Convert 44022415 (base 6) to base 13.
36b0a5
-3332142 (base 6) to base 8
-507376
-210033434 (base 5) to base 2
-11010010011000110000
52022006 (base 8) to base 3
202201211121010
What is -5464173 (base 8) in base 10?
-1468539
What is -14520 (base 11) in base 9?
-31220
1161b4 (base 13) to base 11
262615
Convert 490682 (base 11) to base 3.
1110110112222
Convert 3074857 (base 9) to base 7.
16654420
2032126 (base 9) to base 15
166353
What is 164028 (base 10) in base 3?
22100000010
2855 (base 13) to base 5
141231
What is 100200202221102 (base 3) in base 7?
61536644
46431663 (base 7) to base 8
17427253
-26a6256 (base 12) to base 4
-131103233202
2121202301 (base 4) to base 2
10011001100010110001
Convert 870b (base 16) to base 13.
12974
1c8d89 (base 16) to base 12
762a89
-234611 (base 11) to base 13
-100491
-1010010110101100000 (base 2) to base 16
-52d60
Convert -13005640 (base 7) to base 10.
-1178527
-1011122111011 (base 3) to base 13
-18a6c0
What is -3516ba1 (base 12) in base 9?
-21228604
What is 1513223 (base 6) in base 3?
11110010020
What is -1030102113 (base 4) in base 13?
-ac2c3
Convert 82339 (base 13) to base 16.
38fdd
What is -2323431 (base 10) in base 7?
-25514565
543e0 (base 15) to base 16
414f6
-83ba (base 16) to base 12
-17622
21103300 (base 5) to base 14
47d22
-406045 (base 9) to base 5
-30144421
1441404 (base 6) to base 9
136244
101320231 (base 4) to base 9
121441
Convert -1221232323 (base 4) to base 12.
-18a763
What is -24433404 (base 5) in base 11?
-14a568
What is 6e50 (base 15) in base 3?
1012012110
16884313 (base 9) to base 16
81b1d2
857b4 (base 13) to base 16
3aca3
-42311320 (base 6) to base 12
-4b8540
Convert -289497 (base 10) to base 4.
-1012223121
1103411213 (base 5) to base 11
13a2124
What is -334141351 (base 6) in base 2?
-10111001100000010000011
Convert -201000000122 (base 3) to base 13.
-1012ca
Convert -132363 (base 7) to base 6.
-311120
-2254944 (base 10) to base 4
-20212201200
Convert 143705 (base 12) to base 10.
337973
Convert -4b72 (base 16) to base 13.
-8a39
Convert -60654656 (base 7) to base 8.
-23222504
Convert 1000100100100001000100 (base 2) to base 5.
1033343344
-3e763 (base 15) to base 8
-610131
What is 201231021 (base 4) in base 10?
138057
What is 16605532 (base 7) in base 2?
110001110100000000110
101c (base 14) to base 13
1351
-12867524 (base 9) to base 4
-120101200003
421666 (base 7) to base 10
72715
5431000 (base 6) to base 4
1001203020
What is 102502120 (base 6) in base 15?
25be93
13413550 (base 6) to base 16
6ea2a
1011111010000001001 (base 2) to base 15
7a903
-145a14 (base 14) to base 7
-6003524
Convert -203012401 (base 5) to base 6.
-25434233
Convert 101110210111200 (base 3) to base 8.
25167514
What is -212021210021 (base 4) in base 15?
-d2824e
1514052 (base 6) to base 9
143305
Convert -4317664 (base 10) to base 15.
-5a4494
What is -1ec9ef (base 16) in base 4?
-13230213233
Convert 2207 (base 10) to base 2.
100010011111
What is 305078 (base 10) in base 9?
514435
-8a73 (base 11) to base 8
-27242
Convert 293667 (base 11) to base 14.
bd219
What is -46b09 (base 14) in base 11?
-1084a0
-21021062 (base 7) to base 16
-1b01c4
2455330 (base 6) to base 16
20406
28342 (base 9) to base 6
225015
What is -6814 (base 10) in base 8?
-15236
5254670 (base 8) to base 10
1399224
Convert e7d4e (base 16) to base 12.
39963a
Convert -1616242 (base 13) to base 10.
-7096702
-20192 (base 13) to base 9
-86668
Convert -843357 (base 13) to base 6.
-150133410
What is -2145236 (base 8) in base 7?
-4616522
-10110200001 (base 3) to base 7
-403036
Convert 3223100 (base 4) to base 12.
8868
What is -244023 (base 10) in base 12?
-b9273
Convert -81ed1 (base 16) to base 11.
-333918
What is 111110100010110 (base 2) in base 14?
b954
-10100010110011011 (base 2) to base 7
-465006
Convert -273519 (base 10) to base 16.
-42c6f
Convert 2b5 (base 16) to base 15.
313
Convert 22441210 (base 5) to base 6.
4202200
-132013640 (base 7) to base 4
-200110331300
What is -23a530 (base 12) in base 16?
-8d174
5ba37 (base 16) to base 4
1123220313
What is 80702 (base 11) in base 15?
24e52
What is -33102330112 (base 4) in base 3?
-21112201100021
-624200 (base 9) to base 6
-11535130
-12201121101 (base 4) to base 8
-6413121
What is -30000223302 (base 4) in base 14?
-5bd5d0
What is -320445424 (base 6) in base 5?
-2420324443
-521822 (base 10) to base 5
-113144242
-1110011100001000000 (base 2) to base 10
-473152
Convert 3315121 (base 6) to base 8.
503531
Convert 22423434 (base 5) to base 8.
612020
What is -424422130 (base 5) in base 8?
-6662332
What is 16891a (base 14) in base 12?
322450
-203101 (base 9) to base 8
-353057
-328523 (base 13) to base 12
-49440b
What is b4b374 (base 13) in base 9?
7846164
1210342440 (base 5) to base 4
22301220221
-41555 (base 14) to base 6
-3212555
2514377 (base 8) to base 9
1267636
-101010000111010111111 (base 2) to base 10
-1380031
Convert 20bb5 (base 14) to base 4.
103110223
What is -1414410133 (base 5) in base 12?
-128b60a
What is 12043444 (base 5) in base 8?
333366
-3248c4 (base 14) to base 13
-478207
-21254350 (base 6) to base 16
-99b3a
Convert 664010 (base 8) to base 7.
1616563
Convert 213335354 (base 6) to base 12.
133755a
14a10 (base 12) to base 15
8950
What is 455333 (base 11) in base 4?
2300313233
Convert -20054522 (base 6) to base 5.
-121124120
What is -141b3 (base 15) in base 9?
-107446
5201045 (base 6) to base 7
2055113
Convert -a4828 (base 11) to base 8.
-452234
-4241031210 (base 5) to base 15
-bb41da
What is -142013 (base 9) in base 3?
-11102000110
Convert 1075444 (base 10) to base 7.
12066256
Convert 5621627 (base 8) to base 2.
101110010001110010111
Convert -99332b (base 15) to base 2.
-11011110110011011101001
Convert 12212011111 (base 3) to base 2.
11100001001100111
Convert 560542 (base 9) to base 16.
51cce
21101220022012 (base 3) to base 5
2001402014
-113231222 (base 4) to base 15
-1dba5
10100111100220 (base 3) to base 11
1007286
What is 454633 (base 8) in base 7?
1211004
Convert -2082634 (base 9) to base 14.
-2112a5
What is 75153 (base 16) in base 2?
1110101000101010011
What is -44426163 (base 7) in base 13?
-a4548b
134242 (base 7) to base 16
63a6
11101000100100010110110 (base 2) to base 3
112100011202111
Convert -7ad62 (base 15) to base 2.
-1011111011111100110
-11513 (base 10) to base 7
-45365
Convert 103330210 (base 4) to base 16.
13f24
11100001101011101111 (base 2) to base 10
924399
What is -37206c (base 13) in base 2?
-101000001110110010010
Convert 1a0c7d (base 15) to base 8.
4655333
What is -1010001110001010100100 (base 2) in base 15?
-37ddaa
What is -112128 (base 10) in base 7?
-644622
Convert -7641015 (base 8) to base 13.
-56955b
What is 2120122100010 (base 3) in base 9?
2518303
14243200 (base 5) to base 10
149800
Convert 3302020 (base 4) to base 9.
23227
What is 1053455 (base 8) in base 14?
75949
What is 2035293 (base 14) in base 15?
15004ab
-7808a4 (base 11) to base 12
-500993
What is -2251202 (base 8) in base 9?
-1131048
-11454020 (base 6) to base 16
-591fc
What is -2410522 (base 6) in base 4?
-132233102
What is -11102021212 (base 3) in base 11?
-5a378
Convert 1553455 (base 8) to base 2.
1101101011100101101
Convert 10001000010 (base 2) to base 4.
101002
What is 1113588 (base 11) in base 16?
1dc8cb
4142266 (base 7) to base 15
9c794
What is -336654 (base 8) in base 4?
-123312230
455452 (base 6) to base 13
148a9
Convert 581625 (base 9) to base 10.
348971
What is 32716 (base 11) in base 5?
3004244
Convert 508436 (base 14) to base 12.
aa9480
What is -1102210110200 (base 3) in base 2?
-10111010011011010101
What is 1001110110101010000111 (base 2) in base 9?
4766404
What is -12041510 (base 6) in base 4?
-1130133102
-62360403 (base 7) to base 10
-5241582
What is -100123133030 (base 4) in base 11?
-2481917
What is 11001100010110001 (base 2) in base 11?
71674
Convert 5aa713 (base 14) to base 10.
3102109
-369a09 (base 15) to base 9
-4824380
What is -6855dc (base 15) in base 6?
-254421013
Convert 203123202